2 - 151. Let t(i) = 501*i**2 + 6*i - 7. What are the prime factors of t(z)?
2, 5
Let t(r) = 20*r**2 + 19*r - 7. Let h be t(4). Suppose h*z = 394*z - 1620. What are the prime factors of z?
2, 3
Let y = -136441 - -193218. What are the prime factors of y?
7, 8111
Let j = 26 - 25. Let v be j*(1 - 2)*(-1 + -1). Suppose 4*b - 332 = -v*o, 581 = 4*o + 2*b - 83. List the prime factors of o.
2, 83
What are the prime factors of (-269284)/(-46)*((-14)/(-4) + -2)?
3, 2927
Suppose -4*y = -16, 2*r - 23 = -2*y - 447. Let d(n) = 3*n**3 - 7*n**2 - 6*n - 5. Let c be d(6). Let s = r + c. What are the prime factors of s?
139
Let x(o) = 971*o - 5. Suppose -10*u + 134 - 124 = 0. What are the prime factors of x(u)?
2, 3, 7, 23
Suppose -4*g - 5*r = 4, 3*r = -2*g + 5*r + 16. Suppose 0 = -q + g*v + 7, -3*q = 2*v + 3*v - 4. Suppose -210 = -q*u + 378. List the prime factors of u.
2, 7
Suppose 5*v - 4*w = -17, -4*v - 22 = -2*w + 3*w. Let d(k) = 6*k**2 - 22*k - 81. What are the prime factors of d(v)?
179
Let t(h) = h**2 - 10*h + 19. Suppose -p + 15 = 7. Let j be t(p). Suppose 3*c = 2*g - 2*c - 27, -2*g - j*c = -19. What are the prime factors of g?
11
Suppose 74283 + 205332 = 28*m - 379085. List the prime factors of m.
5, 941
Let t be (-3 + (-39)/7)*(-126)/4. Let n be (-9)/(-6)*14/(-7). What are the prime factors of 13980/t + n/(54/(-4))?
2, 13
Suppose z = 5*z - 36. Let b(o) = -3*o - 2 + o + z. List the prime factors of b(-10).
3
Let b = -73 - -67. Let v be (b/4)/((-2)/(-8) - 1). Suppose 2*m - 3*y = -7*y + 322, 5*y - 324 = -v*m. List the prime factors of m.
157
Suppose -3*w + 72 = -5*w - 5*z, -w = -5*z + 21. Let l = w - -26. Let k(h) = h**3 + 5*h**2 - 8*h + 4. List the prime factors of k(l).
2, 11
List the prime factors of (-109922)/(-14) + -2 + 1 + 3/7.
3, 2617
Let a = 119 - 117. Suppose -4*t + 6 = 2*i, -2*t = -a*i - 10 - 2. List the prime factors of 1 + 2 + t*(-6)/18.
2
Suppose -5*v - 55 = -2*w, -10*w + 13*w - 3*v = 60. Suppose -968 = -17*x + w*x. What are the prime factors of x?
2, 11
Suppose -6*c - 28 = -13*c. Suppose -m + 0*o + o - 7 = 0, -c*o = 4*m + 12. What are the prime factors of 9/(15/m) - -18?
3, 5
Let a(d) = -7*d + 34. Let x be a(4). Suppose 1148 = 4*y - 4*f, -3*y - x*f + 7*f + 863 = 0. List the prime factors of y.
2, 3
Suppose 4*z - 10717 = -4*y + 33275, 4*z + 2*y - 43988 = 0. List the prime factors of z.
2, 2749
Let l = -5156 + 9414. List the prime factors of l.
2, 2129
Suppose 1754 = 2*m - h, -4*m = h - 337 - 3177. List the prime factors of m.
2, 439
Let j(d) = -2*d**3 + 51*d**2 + 29*d - 97. Let q be j(26). Let u be (1 - (-1)/(-1))/(-2). List the prime factors of (q + u)/((-2)/6).
3, 19
Suppose 0 = -3*z - 4*p + 3237, 4*z = -2*p + 3*p + 4278. What are the prime factors of z?
3, 7, 17
Suppose -5*s - 45 = -5*f, -5*s - 36 = -f - 3*f. Suppose 2*o = 17 - f. What are the prime factors of (-16)/(-6)*(o - 1)?
2
Let q(c) = -2924*c + 1928. List the prime factors of q(-6).
2, 1217
Let t be 4*1 + 1/(-1). Suppose -t*n - 3*n = -138. Suppose 34*c = n*c + 1089. What are the prime factors of c?
3, 11
What are the prime factors of (9/1 - -138)*(-2052)/(-7)?
2, 3, 7, 19
Let y = 56 + -54. Suppose -6 = -j - 1, 2*v - y*j = 4. What are the prime factors of -3 + (91 - (5 - v))?
2, 3, 5
Suppose -35 = -14*j + 21. Suppose -1019 = -j*o + 181. List the prime factors of o.
2, 3, 5
Suppose 8*r - 11*r + 5*l = -8804, 2*r = -2*l + 5896. Let v = 4306 - r. List the prime factors of v.
29, 47
Let n(y) = y**3 - 9*y**2 - 19*y - 22. Suppose 175 - 67 = 9*p. Let q be n(p). Suppose 94 = 2*g + 2*r, r - q = g - 5*g. What are the prime factors of g?
3, 5
Let z(q) = 102*q + 10992. What are the prime factors of z(-11)?
2, 3, 5, 7, 47
Suppose r = 5, 8*n + 5*r = 12*n + 5. Suppose 0 = 3*t - n*u - 509, -2*u + 636 = 4*t + 2*u. List the prime factors of t.
163
Suppose s = u + u + 20, -3*u = -5*s + 23. Let f = u + 45. List the prime factors of f.
2, 17
Suppose 0 = -5*g - c + 27755, -g = 3*c - 5442 - 109. What are the prime factors of g?
7, 13, 61
Let x(m) = -2*m + 2. Let s be x(1). Suppose -w - 2 = -5*k - 11, s = -2*k - 10. What are the prime factors of (-4)/w*124*(1 + 0)?
31
Let q be 19*10 + (-15)/3 - 5. Suppose -8*y + 2*y = -q. List the prime factors of y.
2, 3, 5
Suppose 22*s + 190 = 32*s. Suppose s*j - 2315 = -206. What are the prime factors of j?
3, 37
Let i(m) = 53*m - 209. Let n be i(4). Suppose n*z = 2*j + 72, -5*z + 3*j = -52 - 67. List the prime factors of z.
2, 11
Suppose 0*a + 3794 = 7*a. Suppose 0*r - r - a = -4*o, -4*o - 5*r + 554 = 0. What are the prime factors of o?
2, 17
Let w = 87740 - 55099. What are the prime factors of w?
7, 4663
Let j = -180 + 190. Suppose 0 = j*v + 121 - 1511. List the prime factors of v.
139
Suppose 0 = f - 4*x - 686, f + x + 3*x = 654. List the prime factors of f.
2, 5, 67
Suppose 0 = 3*f - 4*s + 13, -4 = -2*s + 4. Let w be (3 - f)/((-8)/(-452)). Suppose 4*x - w = -5*h, 3*h - 78 = -4*x + 5*h. What are the prime factors of x?
2, 11
What are the prime factors of (-7)/(-252)*-4 - (66925/(-9) - -1)?
5, 1487
Let i = -9 - 5. Let o be ((-66)/(-77))/((-2)/i). What are the prime factors of 22 - (o/(-15) + (-6)/(-15))?
2, 11
Let s(x) = 111*x**3 + 3*x**2 - 15*x + 62. List the prime factors of s(7).
38177
Let o be (-2)/11 - 14/(-77). Let b(x) = -x**3 - 23*x**2 - 23*x - 22. Let m be b(-22). Suppose m*i + i - 27 = o. List the prime factors of i.
3
Suppose -t + s = -3, -5*t + 2*t - 2*s = -4. Suppose 0 = -5*f + 4*m + 1560, t*f = 6*f - 2*m - 1242. Let g = f + -129. What are the prime factors of g?
179
Let j(l) be the first derivative of -l**5/8 - 19*l**4/24 - 3*l**3 + 6. Let p(u) be the third derivative of j(u). List the prime factors of p(-5).
2, 7
Let t(u) = 891*u**3 - 18*u**2 + 31*u - 15. List the prime factors of t(3).
3, 61, 131
List the prime factors of (-63)/21 + 69451/2 + 20/(-8).
2, 5, 7, 31
Let o(c) = -31*c + 0 - 1 - 2 + 11*c**2 + 1 + 0*c**2. What are the prime factors of o(8)?
2, 227
Let t be (-1)/((-2)/(-10))*3. Let r(k) be the second derivative of -k**4/12 - 7*k**3/2 - 21*k**2/2 + 22*k. List the prime factors of r(t).
3, 23
Let l = -12 - -30. Suppose -2*x + l = -2. Suppose 83 = -9*i + x*i. List the prime factors of i.
83
Let s be ((-266)/(-21))/(4/(-18)). Let t = s + 79. What are the prime factors of t?
2, 11
Suppose 6*n = 13*n - 31675. Suppose -15*s = n + 1550. Let h = -182 - s. List the prime factors of h.
223
Suppose -3*y - 6 = -0*y. Let k be (-5)/y - (-8)/(-16). Suppose k*q + 7*q - 378 = 0. List the prime factors of q.
2, 3, 7
Suppose -24 - 2082 = -3*v. Let q = v + -167. What are the prime factors of q?
5, 107
Let z(v) = 12*v**2 + v**3 - v**2 + 9465*v + 3 - 9485*v. What are the prime factors of z(-5)?
11, 23
Let w(a) = 2192*a**3 - 2*a**2 + 1. Let n be w(1). Let l = -1067 + n. List the prime factors of l.
2, 281
Suppose -10*s - 2568 = 2*s. Let z = 386 - s. What are the prime factors of z?
2, 3, 5
Let u(y) = 318*y**2 - 5*y - 158. Let m be u(-11). Suppose 31*p = 6*p + m. List the prime factors of p.
5, 307
Suppose -3*y - 2*k = -20, -4*y + 4*k + 10 = -30. Suppose -4*v + y = -392. List the prime factors of v.
2, 5
Suppose 3*i - 3*h - 3 = -0*h, -13 = -i - 3*h. Suppose 0 = -2*b - 2*p + 8, b - i*p = 22 + 2. Let s = b + 3. List the prime factors of s.
11
Let h(t) = 9*t**3 - 4*t**2 - 13*t - 7. Let k(n) = 19*n**3 - 8*n**2 - 25*n - 13. Let a(o) = -7*h(o) + 4*k(o). List the prime factors of a(3).
3, 5, 19
Let a(d) = -9*d + 67. Let o be a(7). Let y be (3 - 6)/((-6)/4). Suppose -y*b + 120 = o*b. What are the prime factors of b?
2, 5
Suppose -81*b + 87*b = 46620. List the prime factors of b.
2, 3, 5, 7, 37
Let m = 15812 - -2781. List the prime factors of m.
18593
Let m be (-6)/20*-18 - (-8)/(-20). Suppose -5*d - g = -14, 2*d - m*g + 18 = d. What are the prime factors of d*(9 - (6 + -4))?
2, 7
Let a = -42166 - -62382. List the prime factors of a.
2, 7, 19
Suppose 33169 - 3762 = 7*d. List the prime factors of d.
4201
Let b(o) = 77*o + 190. Let y be b(-13). Let w = 1436 + y. List the prime factors of w.
5
Let f = 131 + 187. Let q = f - 169. List the prime factors of q.
149
What are the prime factors of (155 - 150)*26729/5?
26729
Suppose -39*v = -52*v - 195. Let f(i) = -i**3 - 11*i**2 + 29*i + 18. What are the prime factors of f(v)?
3, 7, 23
Let l(q) = 2*q**2 + 8*q - 2. Let c be l(-5). L